7?
True
Does 7 divide 44327031?
True
Is 651017480 a multiple of 249?
False
Is 197 a factor of 950504709?
True
Is 17356718 a multiple of 15?
False
Is 859 a factor of 93318324?
True
Does 18 divide 240267738?
False
Does 4 divide 5610079?
False
Does 456 divide 218692597?
False
Is 25 a factor of 826808575?
True
Is 56 a factor of 118686064?
True
Is 14 a factor of 104098953?
False
Is 116 a factor of 196279720?
False
Is 2015 a factor of 8587696260?
True
Does 33 divide 17723112?
True
Is 16459982 a multiple of 77?
True
Is 13 a factor of 18013320?
True
Does 319 divide 867731349?
False
Does 222 divide 15145423?
False
Does 5706 divide 1882318784?
False
Is 230837880 a multiple of 273?
True
Does 1961 divide 1387842760?
False
Is 774353319 a multiple of 32?
False
Is 3361 a factor of 2007701486?
False
Is 17 a factor of 627512942?
True
Is 103 a factor of 229365035?
True
Is 5 a factor of 256636235?
True
Is 818 a factor of 265456542?
True
Is 1489 a factor of 88207294?
False
Is 62 a factor of 31870659?
False
Is 371 a factor of 10452623?
False
Is 34 a factor of 273714620?
True
Does 11 divide 45283677?
False
Does 241 divide 766759575?
True
Is 38028298 a multiple of 22?
True
Is 10 a factor of 163184069?
False
Is 13 a factor of 179018385?
True
Does 392 divide 31446058?
False
Is 260055732 a multiple of 1086?
True
Is 1773 a factor of 3067733456?
False
Does 11475 divide 1457027668?
False
Is 714339578 a multiple of 162?
False
Is 169640843 a multiple of 5088?
False
Is 131265843 a multiple of 2?
False
Is 914757672 a multiple of 289?
False
Is 23456046 a multiple of 6?
True
Is 701 a factor of 961651407?
False
Is 159978840 a multiple of 1318?
True
Does 1068 divide 87787435?
False
Does 56 divide 423334800?
True
Is 9 a factor of 76814567?
False
Is 2 a factor of 46704108?
True
Is 38391265 a multiple of 14?
False
Is 334879811 a multiple of 371?
True
Is 1846651451 a multiple of 326?
False
Is 199847202 a multiple of 456?
False
Is 9 a factor of 131499684?
True
Is 1264 a factor of 248108457?
False
Does 10192 divide 71793688?
False
Is 206 a factor of 46754302?
False
Does 1234 divide 17415442?
True
Is 136 a factor of 635833728?
True
Does 5 divide 297753805?
True
Does 59 divide 29825600?
False
Does 39 divide 49238958?
False
Is 1093868854 a multiple of 26?
True
Is 271 a factor of 66516137?
True
Is 1161 a factor of 49639716?
True
Does 11 divide 995786132?
True
Does 27 divide 317223169?
False
Is 64706244 a multiple of 308?
False
Does 420 divide 168799620?
False
Is 2845763520 a multiple of 160?
True
Is 3 a factor of 55467?
True
Is 255 a factor of 2058963880?
False
Is 286 a factor of 59187286?
False
Is 4 a factor of 521960476?
True
Is 295791344 a multiple of 12?
False
Is 18403884 a multiple of 94?
True
Does 161 divide 1210976223?
False
Is 15 a factor of 46532141?
False
Is 1074 a factor of 339037827?
False
Is 451 a factor of 128753284?
True
Is 60660980 a multiple of 314?
False
Is 1042 a factor of 24125426?
True
Is 73943659 a multiple of 466?
False
Is 81181008 a multiple of 21?
False
Does 784 divide 4476640?
True
Does 2455 divide 360597582?
False
Does 2723 divide 2057615889?
True
Does 31 divide 5003386?
False
Is 9696143 a multiple of 83?
True
Is 6 a factor of 19409132?
False
Is 618133725 a multiple of 1507?
True
Is 763363500 a multiple of 489?
False
Does 238 divide 943697?
False
Is 3184511 a multiple of 451?
True
Is 35500080 a multiple of 70?
True
Is 438 a factor of 125239530?
True
Does 3551 divide 111334503?
True
Is 106 a factor of 17547080?
False
Is 162 a factor of 15182964?
True
Is 1322282797 a multiple of 1655?
False
Does 388 divide 4153152?
True
Is 302 a factor of 10880758?
True
Is 34409725 a multiple of 31?
False
Does 568 divide 34105560?
True
Does 13 divide 106713841?
True
Does 11712 divide 2062752576?
True
Is 210 a factor of 424803516?
False
Is 1179 a factor of 369347237?
False
Is 64550862 a multiple of 11?
False
Is 75479600 a multiple of 392?
True
Does 29 divide 11360402?
True
Is 4664229 a multiple of 1541?
False
Does 107 divide 148195222?
False
Is 8 a factor of 108972365?
False
Is 68 a factor of 119952544?
True
Is 65956000 a multiple of 1000?
True
Does 82 divide 6935560?
True
Is 411 a factor of 1470197589?
False
Does 173 divide 4314197050?
False
Is 6056651 a multiple of 3?
False
Is 19343681 a multiple of 122?
False
Is 16 a factor of 112844672?
True
Does 6 divide 529474122?
True
Does 24 divide 1176427262?
False
Is 1377571637 a multiple of 1087?
False
Is 98412448 a multiple of 32?
True
Is 3213335 a multiple of 2?
False
Does 654 divide 303249336?
True
Is 640 a factor of 1149022720?
True
Is 2182 a factor of 81076574?
True
Is 5358618 a multiple of 477?
True
Is 7508961 a multiple of 21?
False
Is 247735772 a multiple of 798?
False
Is 1321347066 a multiple of 4173?
True
Is 37910235 a multiple of 1028?
False
Is 216 a factor of 26209872?
True
Does 10 divide 22371736?
False
Is 10 a factor of 45126298?
False
Is 562 a factor of 597858296?
False
Does 145 divide 235464195?
True
Is 2744 a factor of 40995360?
True
Does 1420 divide 364307660?
False
Does 3453 divide 116138202?
True
Is 42271320 a multiple of 206?
False
Is 672 a factor of 22637664?
True
Is 10 a factor of 224528083?
False
Does 685 divide 287123122?
False
Does 11 divide 122653124?
True
Is 56950690 a multiple of 13?
False
Is 35195820 a multiple of 44?
True
Does 421 divide 1228899?
True
Is 3202 a factor of 597036439?
False
Is 437726669 a multiple of 51?
False
Is 75 a factor of 3638850?
True
Is 68782033 a multiple of 93?
False
Is 26 a factor of 16511463?
False
Is 65009600 a multiple of 400?
True
Does 18 divide 314297964?
True
Does 442 divide 146146858?
True
Does 687 divide 122470779?
False
Is 1414796196 a multiple of 14?
False
Is 407051736 a multiple of 104?
True
Is 4 a factor of 27724198?
False
Is 14346816 a multiple of 48?
True
Is 8320805 a multiple of 347?
False
Is 2043149416 a multiple of 88?
True
Is 236761569 a multiple of 33?
True
Is 1222700093 a multiple of 72?
False
Is 1035425922 a multiple of 1181?
False
Is 259737800 a multiple of 56?
True
Does 14 divide 749041328?
True
Is 448370838 a multiple of 1506?
True
Does 4 divide 9191539?
False
Is 96467978 a multiple of 44?
False
Is 29 a factor of 10924407?
False
Does 23 divide 1299346581?
False
Is 821 a factor of 251442744?
True
Is 21 a factor of 354923457?
True
Is 151535785 a multiple of 2976?
False
Is 939219001 a multiple of 14?
False
Is 29957451 a multiple of 17?
True
Does 155 divide 7598390?
False
Does 18 divide 37898256?
False
Is 1548015048 a multiple of 18?
True
Is 8 a factor of 480786?
False
Is 301 a factor of 35138439?
True
Does 1201 divide 62819452?
False
Does 32 divide 31831146?
False
Is 23636368 a multiple of 40?
False
Does 96 divide 160635456?
True
Does 2740 divide 141633340?
True
Does 133 divide 198146881?
False
Does 14 divide 100184672?
True
Does 15 divide 2930624459?
False
Is 195754780 a multiple of 28?
False
Does 120 divide 3361200?
True
Is 270 a factor of 20300760?
True
Does 55 divide 55741290?
True
Is 56631229 a multiple of 19?
True
Does 68 divide 48812828?
False
Is 252 a factor of 573471367?
False
Does 2435 divide 108343765?
False
Is 71 a factor of 163990679?
False
Does 2 divide 4594718?
True
Does 22 divide 63883050?
True
Is 1407380897 a multiple of 193?
True
Is 45 a factor of 279997785?
True
Is 523854492 a multiple of 6076?
True
Is 2089398840 a multiple of 6954?
True
Is 14 a factor of 1050201538?
False
Is 380999862 a multiple of 663?
False
Does 33 divide 1307137726?
False
Is 726 a factor of 118223292?
True
Does 117 divide 655846147?
False
Does 20 divide 79974640?
True
Is 409 a factor of 5612352397?
True
Does 32 divide 12048096?
True
Does 54 divide 81454572?
True
Is 34 a factor of 2175982898?
True
Is 115 a factor of 676831004?
False
Does 20 divide 160351520?
True
Is 411919092 a multiple of 732?
True
Is 55599561 a multiple of 45?
False
Is 268 a factor of 156354148?
True
Is 117982899 a multiple of 255?
False
Is 30 a factor of 1400508326?
False
Is 4830 a factor of 41925784?
False
Is 99755543 a multiple of 41?
False
Is 1212532041 a multiple of 1224?
False
Does 13 divide 1729689247?
True
Is 3607290235 a multiple of 193?
False
Is 336365976 a multiple of 692?
True
Is 4734513745 a multiple of 1426?
False
Does 300 divide 229116?
False
Is 261 a factor of 276965873?
False
Is 44 a 